q**3/2 + 16*q**2. Let d be p(30). Let k = 1054 - d. Is k composite?
True
Let x = -16 + 19685. Let s = x + -10472. Is s composite?
True
Let v(w) be the first derivative of w**4/4 + 31*w**3/3 + 19*w**2/2 - 4*w + 14. Is v(-21) a prime number?
True
Let u(a) = 2723*a - 43. Let y be u(6). Let c be (0 - 0 - -2)*y/2. Suppose 16*m - 11*m = c. Is m a composite number?
False
Suppose 8*a + 66922 = 10*a. Is a a composite number?
False
Suppose 6*g + 40 = -20. Let u(q) = -2*q**3 - 16*q**2 - 22*q + 11. Is u(g) a composite number?
False
Let n(k) = 26*k**3 - 6*k**2 + 3*k - 5. Let h be n(4). Suppose -142 = -t + 2*q + h, -4*t + 4*q = -6852. Is t prime?
True
Let i be (-13)/((-26)/4) - 2. Suppose 3*z - 432 - 1641 = i. Is z prime?
True
Let p(t) = 5*t**3 - 9*t**2 - 2*t + 83. Is p(15) composite?
True
Let h(z) = -122 + 125 - 9*z + 15*z + 130*z**3 - 10*z**2. Is h(4) prime?
False
Suppose 0 = -4*q + 3*s + s + 36, -3*q - s = -15. Suppose 5*m - q*m = 2*j - 2, 3*j + 41 = 4*m. Suppose 5*r + 2 + m = 0, -4*r + 407 = 5*z. Is z prime?
True
Is 175191*1 - ((-86494)/(-10995) - (-4)/30) a composite number?
True
Let x(y) = 74*y + 135*y + 329*y + 728*y + 11. Is x(3) a prime number?
False
Let y = -464 + 499. Is (2*(-1270)/y)/(4/(-14)) prime?
False
Suppose 0 = -3*x + 3*w + 691545, 11*x - 12*x + 230539 = 5*w. Is x a composite number?
True
Is 2 + (-12)/(-2) - ((-417934 - -1) + -2) composite?
True
Suppose -32 = 3*b + 4*y, -8*b + 5*b + 3*y = 18. Is 4/b + 1575/18 prime?
False
Suppose 201*m + 5*x = 200*m + 20101, -24 = 4*x. Is m composite?
True
Suppose -2*r = 11*d - 6*d - 189, -484 = -5*r - d. Is (-4)/2*87/(-6)*r prime?
False
Let n(h) = 154*h**2 - 112*h + 42. Let l be n(31). Suppose -6*y = 19242 - l. Is y a composite number?
False
Suppose 49*r - 25*r - 48 = 0. Is (((-19633)/r - 0) + -5)*-2 a composite number?
True
Suppose -5*y + 2*j = -901397, 3*j + 854002 = 5*y - 47401. Is y a composite number?
True
Suppose -z + 4*d = -211739, z + d - 229262 = -17548. Is z a prime number?
False
Let j = -91110 - -162449. Is j prime?
True
Suppose 2*x + 4*r - 140 = -x, -5*r = -2*x + 124. Suppose -4*o - 15 = -a, 2*a - x = -3*a - 3*o. Suppose -10*z + a*z = 1141. Is z a composite number?
True
Suppose -5*h = -2*d, 11 = 3*d - 0*h - 2*h. Suppose 5*t - 2*b = 2045, t - 414 = 5*b - d. Is t a composite number?
False
Let u(x) = 2200*x - 141. Suppose 5*y - 3*l - 3 - 20 = 0, -5*y = -l - 31. Is u(y) a prime number?
True
Let w = 3889009 + -2286054. Is w a prime number?
False
Let d be (-6)/45 - 1842432/360. Let k = -1631 - d. Is k a composite number?
True
Let j(z) = -918*z**3 + z + 2. Let n(u) = -2*u**2 + 2. Let a be n(0). Suppose -3*c = -0*c + 6, 3*f + 7 = -a*c. Is j(f) a prime number?
True
Let m be 16/24*((-2 - -1) + 7). Suppose m*g + 57761 = 15*g. Is g composite?
True
Let n(q) = -2*q**2 + 200. Let c be n(0). Let m = 115 - c. Let s = m + 104. Is s prime?
True
Is 2158560/24 - ((-5 - 10) + 4) composite?
True
Let p(k) = k**3 - 8*k**2 + 44*k + 45. Let w be p(33). Let l = -20209 + w. Is l composite?
False
Let d(g) = 48*g**2 - 25*g - 2256. Is d(-39) composite?
True
Suppose 125*h + 1643436 = 4*n + 130*h, n + 2*h - 410865 = 0. Is n composite?
True
Let d(z) be the first derivative of z**6/180 - 3*z**5/20 - z**4/24 - 7*z**3/3 - 2. Let u(l) be the third derivative of d(l). Is u(-12) composite?
False
Suppose 16*d - 14*d = 3*v + 168574, 0 = -2*d + 2*v + 168570. Is d composite?
True
Let s(v) = -12054*v**2 - 22*v + 37. Let o(i) = 12051*i**2 + 21*i - 37. Let a(l) = 3*o(l) + 2*s(l). Is a(2) a prime number?
False
Let z = 66 + -64. Suppose 7 = f - 0*b - z*b, 0 = -4*f + 4*b + 24. Suppose -f*i = -0*i - 10365. Is i composite?
True
Is (-1)/(104907260/26226820 - 4) a prime number?
True
Let o(n) = n - 16. Let x be o(10). Let c(d) = -302*d - 12. Let l be c(x). Suppose -4*k + 2*k - l = -5*r, r = 3*k + 373. Is r composite?
True
Let l be 4 + (-279)/63 - 2447/7. Is 6 + -5 + 4 - l composite?
True
Let d(m) be the second derivative of 121*m**3/6 + 117*m**2/2 + m - 97. Is d(32) prime?
True
Suppose -2*x = -5*g + 83597 + 187068, -5*x - 216532 = -4*g. Is g prime?
True
Let j = 361 + 750. Let l = 3924 - j. Is l prime?
False
Suppose 27*z - 2392957 = 18487250. Is z a prime number?
True
Let h(s) = 2*s**3 - 12*s**2 + 9. Let w be h(9). Suppose -5*d + w = -2*z - z, d + z - 107 = 0. Let b = 47 + d. Is b a composite number?
False
Let u(b) = -b**2 + 16 + 1 + 9*b + 5 + 0. Let j be u(11). Suppose 5*l + 0*l - 216 = -3*f, j = 5*f + 4*l - 373. Is f composite?
True
Let s(v) = -37096*v + 299. Is s(-14) composite?
False
Let h = 15189 - 24729. Let p = -2941 - h. Is p composite?
False
Let r be (-282)/(-48) + (-3)/(-24). Suppose -7162 = -r*y - 30958. Let m = -2581 - y. Is m a composite number?
True
Let m(s) = 2*s**3 + 8*s**2 - 3*s - 7. Let y be m(-4). Suppose y*k + 1045 = 10*k. Is k composite?
True
Let d(j) = 7*j**3 - 80*j - 16. Is d(15) a composite number?
False
Let t(z) = -677*z**2 - 6*z + 17. Let n be t(-4). Let u = 20852 + n. Is u a composite number?
False
Let k = -26334 + 53925. Let j = 48082 - k. Is j composite?
True
Let q = -457 + 457. Suppose q = h - 7147 + 2286. Is h a prime number?
True
Let l = -552477 + 881396. Is l prime?
True
Let s(n) be the second derivative of n**5/20 + 2*n**4/3 + 11*n**3/3 + 13*n**2/2 + 24*n. Is s(8) prime?
True
Suppose 4*v - 2 = -2*k, -10*k + 7*k + 3 = -5*v. Is (-6)/k + 3375 - 4 prime?
False
Suppose -47*y - 87 = -322. Is 78515/(-5)*(-10 + y + 4) a composite number?
True
Let u = 5406 + 52343. Suppose u = 28*l - 69567. Is l prime?
True
Let k(d) = 278*d**3 + 19*d**2 - 7*d + 77. Is k(5) a composite number?
False
Let d(m) = -274*m**3 + 5*m**2 + 3*m - 24. Let t be d(3). Let y = 10963 + t. Is y prime?
False
Let n(w) be the second derivative of -w**5/20 + 13*w**4/6 - 25*w**3/3 + 5*w**2/2 + 141*w. Is n(22) a prime number?
False
Suppose 12678 = -3*s + g, 6*s - 12678 = 9*s + 4*g. Let w = s - -6275. Is w prime?
False
Let c = 79 + -38. Let f = c - -1720. Suppose v - f = -2*v. Is v a prime number?
True
Is 2 - 4 - 789159/(-21) - -2 composite?
False
Let j be (-16)/6 + 2/3. Suppose 3*a + 4*h = -9, -3*a + 81*h - 86*h - 12 = 0. Is j/(a/(-631)*2) a composite number?
False
Let a(l) = l**3 + 2*l**2 + l. Let b be a(-1). Suppose -14*y - 6543 + 39947 = b. Is y a prime number?
False
Let l(p) = 15426*p - 73. Is l(1) a composite number?
True
Suppose v - 15 = -10. Suppose 0 = 4*u + 2*c - 22498 - 3274, -v*u + 3*c + 32204 = 0. Is u a composite number?
True
Let c(m) = -21 - 1 - 163*m - 3 + 6 - 4. Is c(-34) a prime number?
True
Suppose -4*g + 20 = -4. Suppose -g*u = 2*w - 3*u - 893, 0 = -4*w - 2*u + 1782. Is w prime?
False
Suppose 4*d = 2*b - 44, b = d - 3*d + 42. Let j = b + -35. Let w(v) = -81*v + 4. Is w(j) a composite number?
True
Let t be (-1 - 2)/((-2)/(-92)). Suppose -313*p + 287*p = -5018. Let z = p + t. Is z composite?
True
Let h(g) = 16402*g + 1857. Is h(31) a composite number?
False
Suppose 27930 = -63*u + 53*u. Let m = u - -9792. Is m prime?
False
Is (-2)/11 - (189749856/(-176) + 15) composite?
False
Let h(s) = -30*s**3 + 7*s**2 - 74*s + 47. Let q(l) = -10*l**3 + 3*l**2 - 25*l + 15. Let b(g) = 4*h(g) - 11*q(g). Is b(-10) prime?
True
Let u = -302 + 444. Let x = 109 + u. Suppose 3*g - x = 2*g. Is g composite?
False
Let n(h) = -83*h**3 - h**2 + 2. Let g = 39 - 41. Let j be n(g). Suppose 2*i - j = 2*o, -4*i + 3*o = -1845 + 521. Is i a composite number?
False
Suppose -7*h = -9*h + 62. Suppose 1578 = -29*l + h*l. Is l a composite number?
True
Let j(y) = -y**2 + 17*y + 12. Let l(i) = i**3 - 6*i**2 + 7*i + 7. Let h be l(5). Let u be j(h). Is 1 + (-3)/(u/16) + 1922 a composite number?
True
Let k = 5555 - 2742. Suppose r - 1303 = m + 1514, -3*m = -r + k. Is r composite?
False
Suppose -2*j = -k + 3*j + 7, -3*j + 15 = 0. Suppose 5*w + 160353 = k*w. Is w prime?
True
Let s = -74778 + 200285. Is s a composite number?
False
Suppose -8*i - 5*h = -6*i - 11527, -4*i + 2*h + 22994 = 0. Let r = -4094 + i. Is r composite?
False
Suppose 14*p - 16*p = 30. Is 6/(-4)*886*5/p a prime number?
True
Suppose -37*a + 20 = -33*a. Suppose 3*t + 5*c - 8 = 4*c, -2*c = -a*t + 17. Suppose h - 5 = -2, -t*k = 4*h - 2115. Is k a composite number?
False
Let h(n) = 37*n**3 - 15*n**2 + 37*n - 68. Let y be h(14). Suppose -10*g + y = 36*g. Is g a prime number?
True
Let a(o) = -247*o - 36. Let b(p) = 35*p - 9*p 